{"id":11,"date":"2024-10-25T13:36:51","date_gmt":"2024-10-25T11:36:51","guid":{"rendered":"https:\/\/yvescrehalet.fr\/?page_id=11"},"modified":"2024-12-13T18:07:15","modified_gmt":"2024-12-13T17:07:15","slug":"comissariat","status":"publish","type":"page","link":"https:\/\/yvescrehalet.fr\/?page_id=11","title":{"rendered":"Conseils \u00e0 l&rsquo;amateur d&rsquo;arts premiers"},"content":{"rendered":"\n<p><\/p>\n\n\n\n<h3 class=\"wp-block-heading\"><\/h3>\n\n\n\n<div class=\"wp-block-group is-horizontal is-nowrap is-layout-flex wp-container-core-group-is-layout-41b81202 wp-block-group-is-layout-flex\">\n<div class=\"wp-block-group\"><div class=\"wp-block-group__inner-container is-layout-constrained wp-block-group-is-layout-constrained\">\n<p>L\u2019engouement pour les Arts Premiers, ou Arts tribaux, ne se limite plus aux amateurs \u00e9clair\u00e9s de la sp\u00e9cialit\u00e9. Ils sont rejoints par les amateurs d\u2019art moderne et contemporain, <strong>qui savent ce que l\u2019art occidental doit \u00e0 la d\u00e9couverte par les artistes des arts dits sauvages<\/strong>. De grandes soci\u00e9t\u00e9s d\u2019ench\u00e8res rassemblent ces \u0153uvres dans leurs catalogues, comme le font les collectionneurs.<\/p>\n\n\n\n<p>Cette \u00e9volution des go\u00fbts, et la rar\u00e9faction des pi\u00e8ces de qualit\u00e9 poussent les cotes vers le haut, comme c\u2019est le cas pour l\u2019art occidental. Et si un achat est toujours un \u00e9lan de passion, il faut aussi le consid\u00e9rer sous l\u2019angle de l\u2019investissement. <br>Voici quelques conseils issus de mes quarante ans de collectionniste aig\u00fce, pour que c\u0153ur et raison puissent se conjuguer&nbsp;:<\/p>\n<\/div><\/div>\n<\/div>\n\n\n\n<div class=\"wp-block-group is-vertical is-nowrap is-layout-flex wp-container-core-group-is-layout-f794092b wp-block-group-is-layout-flex\">\n<div class=\"wp-block-columns is-not-stacked-on-mobile is-layout-flex wp-container-core-columns-is-layout-9d6595d7 wp-block-columns-is-layout-flex\">\n<div class=\"wp-block-column is-vertically-aligned-center is-layout-flow wp-block-column-is-layout-flow\">\n<div class=\"wp-block-cover is-light\"><span aria-hidden=\"true\" class=\"wp-block-cover__background has-base-2-background-color has-background-dim-0 has-background-dim\"><\/span><div class=\"wp-block-cover__inner-container is-layout-constrained wp-block-cover-is-layout-constrained\">\n<p class=\"has-text-align-left has-contrast-2-color has-text-color has-link-color has-medium-font-size wp-elements-8e36a7fe35bd586252efa512e03848f8\">1\/ <strong>Sortez du syst\u00e8me de la mode.<\/strong><\/p>\n\n\n\n<p class=\"has-text-align-left has-contrast-2-color has-base-background-color has-text-color has-background has-link-color wp-elements-b96ad71607a35fdea934b62e89e0b3bc\">Comme en bien d\u2019autres domaines, <strong>le march\u00e9 des Arts Primitifs est un march\u00e9 de mode,<\/strong> soumis \u00e0 des pressions \u00e9ph\u00e9m\u00e8res. Aujourd\u2019hui, le Congo est \u00e0 la mode, avec ses f\u00e9tiches \u00e0 clous, ses ivoires Lega ou la statuaire Hemba. Le Gabon, Fang, Kota, Punu\u2026 est hors de prix. Pendant que leurs prix explosent, int\u00e9ressez vous aux beaux objets Yoruba (et du Nig\u00e9ria en g\u00e9n\u00e9ral), au Cameroun., \u00e0 la statuaire Lobi ou Mossi, \u00e0 l\u2019aire Volta\u00efque dont l\u2019audace est encore accessible. Les masques-casques se vendent difficilement, c\u2019est le moment, il en est de tr\u00e8s beaux.<\/p>\n\n\n\n<figure class=\"wp-block-gallery has-nested-images columns-5 is-cropped wp-block-gallery-1 is-layout-flex wp-block-gallery-is-layout-flex\">\n<figure class=\"wp-block-image size-full\"><img fetchpriority=\"high\" decoding=\"async\" width=\"454\" height=\"605\" data-id=\"245\" src=\"https:\/\/yvescrehalet.fr\/wp-content\/uploads\/2024\/11\/pointe-2.jpg\" alt=\"\" class=\"wp-image-245\" srcset=\"https:\/\/yvescrehalet.fr\/wp-content\/uploads\/2024\/11\/pointe-2.jpg 454w, https:\/\/yvescrehalet.fr\/wp-content\/uploads\/2024\/11\/pointe-2-225x300.jpg 225w\" sizes=\"(max-width: 454px) 100vw, 454px\" \/><figcaption class=\"wp-element-caption\"><strong>Belle massue \u00ab&nbsp;supe&nbsp;\u00bb des Malalaita<\/strong>, Iles Salomon XIX\u00b0s. <br>beau d\u00e9cor crois\u00e9 <br>Invendu \u00e0 400 euros<\/figcaption><\/figure>\n\n\n\n<figure class=\"wp-block-image size-large\"><img decoding=\"async\" width=\"694\" height=\"1024\" data-id=\"239\" src=\"https:\/\/yvescrehalet.fr\/wp-content\/uploads\/2024\/11\/Masque-du-Bundu-694x1024.jpg\" alt=\"\" class=\"wp-image-239\" srcset=\"https:\/\/yvescrehalet.fr\/wp-content\/uploads\/2024\/11\/Masque-du-Bundu-694x1024.jpg 694w, https:\/\/yvescrehalet.fr\/wp-content\/uploads\/2024\/11\/Masque-du-Bundu-203x300.jpg 203w, https:\/\/yvescrehalet.fr\/wp-content\/uploads\/2024\/11\/Masque-du-Bundu-768x1132.jpg 768w, https:\/\/yvescrehalet.fr\/wp-content\/uploads\/2024\/11\/Masque-du-Bundu-1042x1536.jpg 1042w, https:\/\/yvescrehalet.fr\/wp-content\/uploads\/2024\/11\/Masque-du-Bundu-1389x2048.jpg 1389w, https:\/\/yvescrehalet.fr\/wp-content\/uploads\/2024\/11\/Masque-du-Bundu-scaled.jpg 1736w\" sizes=\"(max-width: 694px) 100vw, 694px\" \/><figcaption class=\"wp-element-caption\"><strong>Archa\u00efque masque-casque du Bundu<\/strong>, Mende, Guin\u00e9e <br>vendu 1600 euros<\/figcaption><\/figure>\n\n\n\n<figure class=\"wp-block-image size-large\"><img decoding=\"async\" width=\"676\" height=\"1024\" data-id=\"242\" src=\"https:\/\/yvescrehalet.fr\/wp-content\/uploads\/2024\/11\/Masque-Bwa-676x1024.jpg\" alt=\"\" class=\"wp-image-242\" srcset=\"https:\/\/yvescrehalet.fr\/wp-content\/uploads\/2024\/11\/Masque-Bwa-676x1024.jpg 676w, https:\/\/yvescrehalet.fr\/wp-content\/uploads\/2024\/11\/Masque-Bwa-198x300.jpg 198w, https:\/\/yvescrehalet.fr\/wp-content\/uploads\/2024\/11\/Masque-Bwa-768x1163.jpg 768w, https:\/\/yvescrehalet.fr\/wp-content\/uploads\/2024\/11\/Masque-Bwa-1015x1536.jpg 1015w, https:\/\/yvescrehalet.fr\/wp-content\/uploads\/2024\/11\/Masque-Bwa-1353x2048.jpg 1353w, https:\/\/yvescrehalet.fr\/wp-content\/uploads\/2024\/11\/Masque-Bwa-scaled.jpg 1691w\" sizes=\"(max-width: 676px) 100vw, 676px\" \/><figcaption class=\"wp-element-caption\"><strong>Masque singe Bwa,<\/strong> Burkina Faso, <br>tr\u00e8s ancienne patine \u00e9rod\u00e9e, expression fascinante <br>Vendu 1300 euros<\/figcaption><\/figure>\n\n\n\n<figure class=\"wp-block-image size-large\"><img loading=\"lazy\" decoding=\"async\" width=\"753\" height=\"1024\" data-id=\"238\" src=\"https:\/\/yvescrehalet.fr\/wp-content\/uploads\/2024\/11\/Masque-Tiv-Develon-753x1024.jpg\" alt=\"\" class=\"wp-image-238\" srcset=\"https:\/\/yvescrehalet.fr\/wp-content\/uploads\/2024\/11\/Masque-Tiv-Develon-753x1024.jpg 753w, https:\/\/yvescrehalet.fr\/wp-content\/uploads\/2024\/11\/Masque-Tiv-Develon-220x300.jpg 220w, https:\/\/yvescrehalet.fr\/wp-content\/uploads\/2024\/11\/Masque-Tiv-Develon-768x1045.jpg 768w, https:\/\/yvescrehalet.fr\/wp-content\/uploads\/2024\/11\/Masque-Tiv-Develon-1129x1536.jpg 1129w, https:\/\/yvescrehalet.fr\/wp-content\/uploads\/2024\/11\/Masque-Tiv-Develon-1505x2048.jpg 1505w, https:\/\/yvescrehalet.fr\/wp-content\/uploads\/2024\/11\/Masque-Tiv-Develon-scaled.jpg 1882w\" sizes=\"(max-width: 753px) 100vw, 753px\" \/><figcaption class=\"wp-element-caption\"><strong>Puissant et rare masque-casque Tiv<\/strong>, Nig\u00e9ria, ancienne patine noire incrust\u00e9e <br>Invendu \u00e0 2000 euros<\/figcaption><\/figure>\n\n\n\n<figure class=\"wp-block-image size-large\"><img loading=\"lazy\" decoding=\"async\" width=\"700\" height=\"1024\" data-id=\"240\" src=\"https:\/\/yvescrehalet.fr\/wp-content\/uploads\/2024\/11\/Couple-IZI-700x1024.jpg\" alt=\"\" class=\"wp-image-240\" srcset=\"https:\/\/yvescrehalet.fr\/wp-content\/uploads\/2024\/11\/Couple-IZI-700x1024.jpg 700w, https:\/\/yvescrehalet.fr\/wp-content\/uploads\/2024\/11\/Couple-IZI-205x300.jpg 205w, https:\/\/yvescrehalet.fr\/wp-content\/uploads\/2024\/11\/Couple-IZI-768x1123.jpg 768w, https:\/\/yvescrehalet.fr\/wp-content\/uploads\/2024\/11\/Couple-IZI-1050x1536.jpg 1050w, https:\/\/yvescrehalet.fr\/wp-content\/uploads\/2024\/11\/Couple-IZI-1400x2048.jpg 1400w, https:\/\/yvescrehalet.fr\/wp-content\/uploads\/2024\/11\/Couple-IZI-scaled.jpg 1750w\" sizes=\"(max-width: 700px) 100vw, 700px\" \/><figcaption class=\"wp-element-caption\"><strong>Rare couple Ibo<\/strong>, groupe Izi, Nig\u00e9ria, bois dur, grande anciennet\u00e9, <br>provenance Yves et Eva Develon <br>Invendu \u00e0 1500 euros<\/figcaption><\/figure>\n<\/figure>\n\n\n\n<p class=\"has-text-align-left has-contrast-2-color has-base-background-color has-text-color has-background has-link-color wp-elements-24584a0bfe26df8781a6d6d72a3bb582\">De m\u00eame, si l\u2019Oc\u00e9anie est d\u00e9j\u00e0 ch\u00e8re, nombreuses sont les zones f\u00e9condes en Arts Premiers encore sous-estim\u00e9es&nbsp;: Indon\u00e9sie, Philippines, N\u00e9pal, minorit\u00e9s ethniques chinoises.<\/p>\n<\/div><\/div>\n<\/div>\n<\/div>\n\n\n\n<div class=\"wp-block-columns is-layout-flex wp-container-core-columns-is-layout-9d6595d7 wp-block-columns-is-layout-flex\">\n<div class=\"wp-block-column is-vertically-aligned-center is-layout-flow wp-block-column-is-layout-flow\" style=\"flex-basis:100%\">\n<div class=\"wp-block-cover is-light\"><span aria-hidden=\"true\" class=\"wp-block-cover__background has-base-2-background-color has-background-dim-0 has-background-dim\"><\/span><div class=\"wp-block-cover__inner-container is-layout-constrained wp-block-cover-is-layout-constrained\">\n<p class=\"has-text-align-left has-contrast-2-color has-text-color has-link-color has-medium-font-size wp-elements-972b41acb552a478399ad17ee0a38119\">2\/ <strong>Le pedigree trop cher<\/strong><\/p>\n\n\n\n<p class=\"has-text-align-left has-contrast-2-color has-base-background-color has-text-color has-background has-link-color wp-elements-6df6129f5f7979d69cc2c77a82847a04\">Parce que les&nbsp; \u0153uvres ne sont pas sign\u00e9es par les artistes, et parce que la tra\u00e7abilit\u00e9 est rare, les objets pouvant arguer d\u2019une origine (marchand ou collectionneur c\u00e9l\u00e8bres, artiste, mus\u00e9e) ou d\u2019une bibliographie sont survaloris\u00e9s. S\u00e9curit\u00e9 toute relative. Un gouverneur qui rapportait un objet au d\u00e9but du si\u00e8cle dernier se trouvait \u00e0 peu pr\u00e8s dans la position d\u2019un touriste actuel achetant un objet d\u2019a\u00e9roport. Sans doute fabriqu\u00e9 la veille du cadeau, c\u2019\u00e9tait une reproduction, qui n\u2019avait jamais servi. Parfois reproduites dans les ouvrages sp\u00e9cialis\u00e9s, faute d\u2019avoir dans\u00e9, ces oeuvres ne sont pas authentiques. Ainsi du fameux masque Fang de Derain.<\/p>\n\n\n\n<p class=\"has-text-align-left has-contrast-2-color has-base-background-color has-text-color has-background has-link-color wp-elements-3d5c3a9fa0e0a5c038381a01e971fa97\">Fiez vous plut\u00f4t \u00e0 l\u2019<strong>\u00e9motion<\/strong> que provoque l\u2019objet chez vous, \u00e0 votre connaissance des styles, des patines et mati\u00e8res, c\u2019est ce qu\u2019il y a de plus passionnant dans la d\u00e9couverte. Et s\u2019il vous reste un doute, interrogez un expert ind\u00e9pendant, ou un marchand de vos connaissances.<\/p>\n<\/div><\/div>\n<\/div>\n<\/div>\n<\/div>\n\n\n\n<div class=\"wp-block-group is-vertical is-content-justification-center is-nowrap is-layout-flex wp-container-core-group-is-layout-07715c1f wp-block-group-is-layout-flex\">\n<div class=\"wp-block-columns are-vertically-aligned-center is-layout-flex wp-container-core-columns-is-layout-9d6595d7 wp-block-columns-is-layout-flex\">\n<div class=\"wp-block-column is-vertically-aligned-center is-layout-flow wp-block-column-is-layout-flow\" style=\"flex-basis:100%\">\n<div class=\"wp-block-cover is-light\"><span aria-hidden=\"true\" class=\"wp-block-cover__background has-base-2-background-color has-background-dim-0 has-background-dim\"><\/span><div class=\"wp-block-cover__inner-container is-layout-constrained wp-block-cover-is-layout-constrained\">\n<p class=\"has-text-align-left has-contrast-2-color has-text-color has-link-color has-medium-font-size wp-elements-3833dfd4622668a9bb726cd384cf113c\">3\/ <strong>Cherchez l\u2019Artiste<\/strong><\/p>\n\n\n\n<p class=\"has-text-align-left has-contrast-2-color has-base-background-color has-text-color has-background has-link-color wp-elements-a6dca081171be5f376b4ab90f2e53a6d\">Le conformisme du style pousse aussi le prix, comme un gage de s\u00e9curit\u00e9.&nbsp;: Autant dire que vous risquez de payer cher une copie&nbsp;! Choisissez plut\u00f4t un masque ou une statue qui r\u00e9v\u00e8lent <strong>une vraie main d\u2019artiste<\/strong>, capable, tout en transmettant les mythes de l\u2019ethnie par des codes graphiques immuables, d\u2019imprimer sa propre cr\u00e9ativit\u00e9, son nyama personnel. Ces objets auront plus tard beaucoup plus de valeur, cf. la fameuse reine Bangwa d\u2019Helena Rubinstein, ou les interpr\u00e9tations g\u00e9niales du style Luba par le Maitre de Buli.<\/p>\n<\/div><\/div>\n<\/div>\n<\/div>\n\n\n\n<div class=\"wp-block-columns is-layout-flex wp-container-core-columns-is-layout-9d6595d7 wp-block-columns-is-layout-flex\">\n<div class=\"wp-block-column is-layout-flow wp-block-column-is-layout-flow\" style=\"flex-basis:100%\">\n<div class=\"wp-block-cover is-light\"><span aria-hidden=\"true\" class=\"wp-block-cover__background has-base-2-background-color has-background-dim-0 has-background-dim\"><\/span><div class=\"wp-block-cover__inner-container is-layout-constrained wp-block-cover-is-layout-constrained\">\n<p class=\"has-text-align-left has-contrast-2-color has-text-color has-link-color has-medium-font-size wp-elements-fa8021cd7ed8de4d6a78970f979b343c\">4\/ <strong>L\u2019immense territoire des galeries reste \u00e0 explorer.<\/strong><\/p>\n\n\n\n<p class=\"has-text-align-left has-contrast-2-color has-base-background-color has-text-color has-background has-link-color wp-elements-fd31c08717eee2bdc6ad3e68ec41868b\">On a trop tendance \u00e0 croire que les ventes publiques permettent d\u2019acheter moins cher. C\u2019est souvent faux, les records de prix se battent aux ench\u00e8res. Et les prix pay\u00e9s sont major\u00e9s de commission et frais, tant pour le vendeur (15% et plus) que pour l\u2019acheteur (30% au-dessus du prix-marteau). Quand l\u2019acheteur paye 130, le vendeur touche 85. Les Galeries sont loin de faire une telle marge. Et le plaisir, le dialogue, la confiance trouvent leur compte aupr\u00e8s des galeristes, souvent les meilleurs des experts. Les auctionnaires n\u2019offrent pas non plus davantage de s\u00e9curit\u00e9&nbsp;: la seule garantie est la conformit\u00e9 \u00e0 la description du catalogue.<\/p>\n\n\n\n<p class=\"has-text-align-left has-contrast-2-color has-base-background-color has-text-color has-background has-link-color wp-elements-4b95407aa0faccddfe2dc714999b1f58\">Il existe aussi un moyen convivial d\u2019\u00e9conomiser un tiers du prix d\u2019achat&nbsp;: visitez les collectionneurs, prolixes d\u2019information, et qui peuvent s\u2019av\u00e9rer vendeurs&nbsp;!<\/p>\n<\/div><\/div>\n<\/div>\n<\/div>\n<\/div>\n\n\n\n<div class=\"wp-block-group is-vertical is-content-justification-center is-nowrap is-layout-flex wp-container-core-group-is-layout-18ec25c9 wp-block-group-is-layout-flex\">\n<p>Chers Amateurs, vous avez de la chance&nbsp;; avec le merveilleux Mus\u00e9e du Quai Branly-Jacques Chirac, avec la concentration des belles ventes mondiales chez les grands auctionnaires parisiens, Christies, Sotheby\u2019s, Giquello, Ader\u2026avec une trentaine de galeries de haut rang, avec la r\u00e9p\u00e9tition d\u2019\u00e9v\u00e8nements comme le Parcours des Mondes qui r\u00e9unissent les meilleures galeries mondiales, vous \u00eates au c\u0153ur de la capitale des Arts Premiers&nbsp;!<\/p>\n\n\n\n<figure class=\"wp-block-pullquote\"><blockquote><p><strong>Laissez vivre votre passion, sans n\u00e9gliger la raison financi\u00e8re<\/strong> pour mieux faire vivre votre collection, revendre pour acheter, arbitrage n\u00e9cessaire pour en faire une \u0153uvre personnelle.<\/p><\/blockquote><\/figure>\n<\/div>\n\n\n\n<h4 class=\"wp-block-heading\"><strong>Nouvelle publication conseill\u00e9e: <\/strong><\/h4>\n\n\n\n<h4 class=\"wp-block-heading has-text-align-left\">M\u00e9moire Moba, par Pierre Amrouche<\/h4>\n\n\n\n<h4 class=\"wp-block-heading\" style=\"text-decoration:underline\"><em>Hommage \u00e9mouvant \u00e0 un Art m\u00e9connu<\/em><\/h4>\n\n\n\n<p>M\u00e9moire, un joli mot peu commun dans les titres de la litt\u00e9rature sp\u00e9cialis\u00e9e, le mot d\u2019un po\u00e8te qui trouve sa justesse tout au long de l\u2019ouvrage.<br>M\u00e9moire Moba, c\u2019est d\u2019abord la recherche du temps perdu de l\u2019Auteur, le temps de l\u2019aventure, de la d\u00e9couverte, au nord du Togo, du pays profond de sa troisi\u00e8me patrie. Carnets de voyage, notes de style, photos d\u2019\u00e9poque, portraits, nous font partager les \u00e9motions de Pierre Amrouche depuis 1991. Et les nombreuses photos de statues, certaines d\u2019un grand \u00e2ge, en sont le r\u00e9ceptacle.<br>M\u00e9moire Moba, c\u2019est avant tout le sanctuaire de toute la connaissance disponible de la culture Moba, avant qu\u2019elle ne s\u2019effiloche et s\u2019\u00e9vanouisse dans le tourbillon de la modernit\u00e9.<\/p>\n\n\n\n<p>La modernit\u00e9 est d\u2019ailleurs le viatique de la sculpture Moba : il est temps que critiques et amateurs la d\u00e9couvre, alors qu\u2019ils portaient peu d\u2019attention \u00e0 un art \u00e9loign\u00e9 du mani\u00e9risme. Sandra Agbessi, qui signe l\u2019avant-propos, fait justement le rapport avec Brancusi : \u00ab less is more \u00bb rappelle-t \u2019elle. On peut aussi parler d\u2019Art brut, d\u2019Art minimal. Amrouche ajoute la r\u00e9f\u00e9rence \u00e0 Giacometti, le citant : \u00ab une sculpture n\u2019est pas un objet, c\u2019est une interrogation\u2026elle ne peut \u00eatre ni finie, ni parfaite \u00bb. Quelle ampleur sur la fl\u00e8che du Temps, de cet art qui \u00e9voque les merveilles synth\u00e9tiques de la sculpture pr\u00e9historique ! Voil\u00e0 la permanence d\u2019un v\u00e9ritable Art Premier.<\/p>\n\n\n\n<p>La sculpture Moba profite d\u2019ailleurs de l\u2019\u00e9rosion sublime du temps qui magnifie les statues photographi\u00e9es par Pierre Amrouche, en particulier pour son catalogue de l\u2019expo de 1990 dans sa galerie.<br>Pour nourrir le testament, il retrouve les traces de ses pr\u00e9d\u00e9cesseurs en Pays Moba, L\u00e9o Frobenius en 1908, l\u2019Abb\u00e9 Sournin en 1947 ont port\u00e9 sur la culture Moba un regard d\u2019ethnologues, sans remarquer la puissance expressive des statues (des formes brutes qui jonchent le sol, selon Frobenius). Il a fallu attendre la th\u00e8se de Christine Mullen Kreamer, en 1985, alors conservatrice du High Museum of Art in Atlanta, pour qu\u2019une int\u00e9ressante analyse des styles et des fonctions rituelles soit offerte au public. Avant les ann\u00e9es 80, il n\u2019y avait pas de photos publi\u00e9es dans la litt\u00e9rature !<\/p>\n\n\n\n<p>M\u00e9moire Moba , par d\u00e9finition, est riche d\u2019informations \u00e0 d\u00e9couvrir. Et en prime, d\u2019une plong\u00e9e sensible dans ce peuple, que nous offre Pierre le photographe.<\/p>\n\n\n\n<p><\/p>\n\n\n\n<p>M\u00e9moire MOBA, par Pierre Amrouche, \u00e9dition 5 Continents, 2024 \u2013 40 euros.<\/p>\n","protected":false},"excerpt":{"rendered":"<p>L\u2019engouement pour les Arts Premiers, ou Arts tribaux, ne se limite plus aux amateurs \u00e9clair\u00e9s de la sp\u00e9cialit\u00e9. Ils sont rejoints par les amateurs d\u2019art moderne et contemporain, qui savent ce que l\u2019art occidental doit \u00e0 la d\u00e9couverte par les artistes des arts dits sauvages. De grandes soci\u00e9t\u00e9s d\u2019ench\u00e8res rassemblent ces \u0153uvres dans leurs catalogues, &#8230; <a title=\"Conseils \u00e0 l&rsquo;amateur d&rsquo;arts premiers\" class=\"read-more\" href=\"https:\/\/yvescrehalet.fr\/?page_id=11\" aria-label=\"En savoir plus sur Conseils \u00e0 l&rsquo;amateur d&rsquo;arts premiers\">Lire la suite<\/a><\/p>\n","protected":false},"author":1,"featured_media":0,"parent":0,"menu_order":0,"comment_status":"closed","ping_status":"closed","template":"elementor_theme","meta":{"footnotes":""},"class_list":["post-11","page","type-page","status-publish"],"_links":{"self":[{"href":"https:\/\/yvescrehalet.fr\/index.php?rest_route=\/wp\/v2\/pages\/11","targetHints":{"allow":["GET"]}}],"collection":[{"href":"https:\/\/yvescrehalet.fr\/index.php?rest_route=\/wp\/v2\/pages"}],"about":[{"href":"https:\/\/yvescrehalet.fr\/index.php?rest_route=\/wp\/v2\/types\/page"}],"author":[{"embeddable":true,"href":"https:\/\/yvescrehalet.fr\/index.php?rest_route=\/wp\/v2\/users\/1"}],"replies":[{"embeddable":true,"href":"https:\/\/yvescrehalet.fr\/index.php?rest_route=%2Fwp%2Fv2%2Fcomments&post=11"}],"version-history":[{"count":38,"href":"https:\/\/yvescrehalet.fr\/index.php?rest_route=\/wp\/v2\/pages\/11\/revisions"}],"predecessor-version":[{"id":361,"href":"https:\/\/yvescrehalet.fr\/index.php?rest_route=\/wp\/v2\/pages\/11\/revisions\/361"}],"wp:attachment":[{"href":"https:\/\/yvescrehalet.fr\/index.php?rest_route=%2Fwp%2Fv2%2Fmedia&parent=11"}],"curies":[{"name":"wp","href":"https:\/\/api.w.org\/{rel}","templated":true}]}}