{"id":12,"date":"2024-10-25T13:36:51","date_gmt":"2024-10-25T11:36:51","guid":{"rendered":"https:\/\/yvescrehalet.fr\/?page_id=12"},"modified":"2024-11-21T21:27:40","modified_gmt":"2024-11-21T20:27:40","slug":"commissariats","status":"publish","type":"page","link":"https:\/\/yvescrehalet.fr\/?page_id=12","title":{"rendered":"Commissariats"},"content":{"rendered":"\n<div class=\"wp-block-group\"><div class=\"wp-block-group__inner-container is-layout-constrained wp-block-group-is-layout-constrained\">\n<p>La joie de faire d\u00e9couvrir les Arts Premiers, les cultures autres, trouve son extension dans l\u2019organisation d\u2019expositions. Ainsi l\u2019expo \u00ab\u00a0Masques de Chine au Mus\u00e9e Jacquemart- Andr\u00e9, que j\u2019ai con\u00e7ue et dont j\u2019\u00e9tais le commissaire, a accueilli plus de cent mille visiteurs, qui ont ainsi d\u00e9couvert cette culture mill\u00e9naire, alors inconnue en Occident, et m\u00eame de l\u2019Ambassadeur de Chine (la R\u00e9volution Culturelle \u00e9tait pass\u00e9e par l\u00e0\u2026)<\/p>\n\n\n\n<figure class=\"wp-block-gallery has-nested-images columns-4 is-cropped wp-block-gallery-1 is-layout-flex wp-block-gallery-is-layout-flex\">\n<figure class=\"wp-block-image size-large\"><img fetchpriority=\"high\" decoding=\"async\" width=\"768\" height=\"1024\" data-id=\"255\" src=\"https:\/\/yvescrehalet.fr\/wp-content\/uploads\/2024\/11\/Photoroom-20241008_135327Expo-O-Visage-768x1024.jpeg\" alt=\"\" class=\"wp-image-255\" srcset=\"https:\/\/yvescrehalet.fr\/wp-content\/uploads\/2024\/11\/Photoroom-20241008_135327Expo-O-Visage-768x1024.jpeg 768w, https:\/\/yvescrehalet.fr\/wp-content\/uploads\/2024\/11\/Photoroom-20241008_135327Expo-O-Visage-225x300.jpeg 225w, https:\/\/yvescrehalet.fr\/wp-content\/uploads\/2024\/11\/Photoroom-20241008_135327Expo-O-Visage-1152x1536.jpeg 1152w, https:\/\/yvescrehalet.fr\/wp-content\/uploads\/2024\/11\/Photoroom-20241008_135327Expo-O-Visage.jpeg 1500w\" sizes=\"(max-width: 768px) 100vw, 768px\" \/><figcaption class=\"wp-element-caption\"><strong>O&nbsp; VISAGE&nbsp;<\/strong> <br>Espace&nbsp; C.F.R.P,&nbsp; <br>Paris, 1999<\/figcaption><\/figure>\n\n\n\n<figure class=\"wp-block-image size-large\"><img decoding=\"async\" width=\"768\" height=\"1024\" data-id=\"252\" src=\"https:\/\/yvescrehalet.fr\/wp-content\/uploads\/2024\/11\/Expo-Masques-Presences-768x1024.jpeg\" alt=\"\" class=\"wp-image-252\" srcset=\"https:\/\/yvescrehalet.fr\/wp-content\/uploads\/2024\/11\/Expo-Masques-Presences-768x1024.jpeg 768w, https:\/\/yvescrehalet.fr\/wp-content\/uploads\/2024\/11\/Expo-Masques-Presences-225x300.jpeg 225w, https:\/\/yvescrehalet.fr\/wp-content\/uploads\/2024\/11\/Expo-Masques-Presences-1152x1536.jpeg 1152w, https:\/\/yvescrehalet.fr\/wp-content\/uploads\/2024\/11\/Expo-Masques-Presences.jpeg 1500w\" sizes=\"(max-width: 768px) 100vw, 768px\" \/><figcaption class=\"wp-element-caption\"><strong>MASQUES \u2013 PRESENCES<\/strong> <br>Blois , Maison du Loir -et- Cher, 1997<\/figcaption><\/figure>\n\n\n\n<figure class=\"wp-block-image size-large\"><img decoding=\"async\" width=\"768\" height=\"1024\" data-id=\"253\" src=\"https:\/\/yvescrehalet.fr\/wp-content\/uploads\/2024\/11\/Expo-Afrique-Maitres-sculpteurs-768x1024.jpeg\" alt=\"\" class=\"wp-image-253\" srcset=\"https:\/\/yvescrehalet.fr\/wp-content\/uploads\/2024\/11\/Expo-Afrique-Maitres-sculpteurs-768x1024.jpeg 768w, https:\/\/yvescrehalet.fr\/wp-content\/uploads\/2024\/11\/Expo-Afrique-Maitres-sculpteurs-225x300.jpeg 225w, https:\/\/yvescrehalet.fr\/wp-content\/uploads\/2024\/11\/Expo-Afrique-Maitres-sculpteurs-1152x1536.jpeg 1152w, https:\/\/yvescrehalet.fr\/wp-content\/uploads\/2024\/11\/Expo-Afrique-Maitres-sculpteurs.jpeg 1500w\" sizes=\"(max-width: 768px) 100vw, 768px\" \/><figcaption class=\"wp-element-caption\"><strong>AFRIQUE&nbsp;: MAITRES&nbsp; SCULPTEURS&nbsp;<\/strong><br>Montlu\u00e7on&nbsp; &#8211;&nbsp; Dom\u00e9rat,&nbsp; 1994<\/figcaption><\/figure>\n\n\n\n<figure class=\"wp-block-image size-large\"><img loading=\"lazy\" decoding=\"async\" width=\"768\" height=\"1024\" data-id=\"251\" src=\"https:\/\/yvescrehalet.fr\/wp-content\/uploads\/2024\/11\/Expo-Gloire-de-la-femme-768x1024.jpeg\" alt=\"\" class=\"wp-image-251\" srcset=\"https:\/\/yvescrehalet.fr\/wp-content\/uploads\/2024\/11\/Expo-Gloire-de-la-femme-768x1024.jpeg 768w, https:\/\/yvescrehalet.fr\/wp-content\/uploads\/2024\/11\/Expo-Gloire-de-la-femme-225x300.jpeg 225w, https:\/\/yvescrehalet.fr\/wp-content\/uploads\/2024\/11\/Expo-Gloire-de-la-femme-1152x1536.jpeg 1152w, https:\/\/yvescrehalet.fr\/wp-content\/uploads\/2024\/11\/Expo-Gloire-de-la-femme.jpeg 1500w\" sizes=\"(max-width: 768px) 100vw, 768px\" \/><figcaption class=\"wp-element-caption\"><strong>GLOIRE&nbsp;DE&nbsp;LA FEMME&nbsp;DANS&nbsp; L\u2019ART&nbsp;AFRICAIN<\/strong> <br>Ville de Dinard,&nbsp;2008<\/figcaption><\/figure>\n\n\n\n<figure class=\"wp-block-image size-large is-style-default\"><img loading=\"lazy\" decoding=\"async\" width=\"1024\" height=\"768\" data-id=\"254\" src=\"https:\/\/yvescrehalet.fr\/wp-content\/uploads\/2024\/11\/Expo-Masques-de-Chine-1024x768.jpeg\" alt=\"\" class=\"wp-image-254\" srcset=\"https:\/\/yvescrehalet.fr\/wp-content\/uploads\/2024\/11\/Expo-Masques-de-Chine-1024x768.jpeg 1024w, https:\/\/yvescrehalet.fr\/wp-content\/uploads\/2024\/11\/Expo-Masques-de-Chine-300x225.jpeg 300w, https:\/\/yvescrehalet.fr\/wp-content\/uploads\/2024\/11\/Expo-Masques-de-Chine-768x576.jpeg 768w, https:\/\/yvescrehalet.fr\/wp-content\/uploads\/2024\/11\/Expo-Masques-de-Chine-1536x1152.jpeg 1536w, https:\/\/yvescrehalet.fr\/wp-content\/uploads\/2024\/11\/Expo-Masques-de-Chine.jpeg 2000w\" sizes=\"(max-width: 1024px) 100vw, 1024px\" \/><figcaption class=\"wp-element-caption\"><strong>MASQUES&nbsp;DE CHINE<\/strong> <br>Mus\u00e9e Jacquemart <br>Andr\u00e9, Paris,&nbsp; 2007<\/figcaption><\/figure>\n<\/figure>\n<\/div><\/div>\n\n\n\n<p><\/p>\n\n\n\n<div class=\"wp-block-media-text has-media-on-the-right is-stacked-on-mobile\" style=\"grid-template-columns:auto 37%\"><div class=\"wp-block-media-text__content\">\n<p>Et le comble de la gratification, c\u2019est de recevoir ce message (artistique) de remerciements pour une<br>action de d\u00e9couverte en milieu scolaire (d\u00e9partement de l\u2019Allier)<\/p>\n<\/div><figure class=\"wp-block-media-text__media\"><img loading=\"lazy\" decoding=\"async\" width=\"768\" height=\"1024\" src=\"https:\/\/yvescrehalet.fr\/wp-content\/uploads\/2024\/11\/Enfants-768x1024.jpg\" alt=\"\" class=\"wp-image-342 size-full\" srcset=\"https:\/\/yvescrehalet.fr\/wp-content\/uploads\/2024\/11\/Enfants-768x1024.jpg 768w, https:\/\/yvescrehalet.fr\/wp-content\/uploads\/2024\/11\/Enfants-225x300.jpg 225w, https:\/\/yvescrehalet.fr\/wp-content\/uploads\/2024\/11\/Enfants-1152x1536.jpg 1152w, https:\/\/yvescrehalet.fr\/wp-content\/uploads\/2024\/11\/Enfants-1536x2048.jpg 1536w, https:\/\/yvescrehalet.fr\/wp-content\/uploads\/2024\/11\/Enfants-scaled.jpg 1920w\" sizes=\"(max-width: 768px) 100vw, 768px\" \/><\/figure><\/div>\n","protected":false},"excerpt":{"rendered":"<p>La joie de faire d\u00e9couvrir les Arts Premiers, les cultures autres, trouve son extension dans l\u2019organisation d\u2019expositions. Ainsi l\u2019expo \u00ab\u00a0Masques de Chine au Mus\u00e9e Jacquemart- Andr\u00e9, que j\u2019ai con\u00e7ue et dont j\u2019\u00e9tais le commissaire, a accueilli plus de cent mille visiteurs, qui ont ainsi d\u00e9couvert cette culture mill\u00e9naire, alors inconnue en Occident, et m\u00eame de &#8230; <a title=\"Commissariats\" class=\"read-more\" href=\"https:\/\/yvescrehalet.fr\/?page_id=12\" aria-label=\"En savoir plus sur Commissariats\">Lire la suite<\/a><\/p>\n","protected":false},"author":1,"featured_media":0,"parent":0,"menu_order":0,"comment_status":"closed","ping_status":"closed","template":"elementor_theme","meta":{"footnotes":""},"class_list":["post-12","page","type-page","status-publish"],"_links":{"self":[{"href":"https:\/\/yvescrehalet.fr\/index.php?rest_route=\/wp\/v2\/pages\/12","targetHints":{"allow":["GET"]}}],"collection":[{"href":"https:\/\/yvescrehalet.fr\/index.php?rest_route=\/wp\/v2\/pages"}],"about":[{"href":"https:\/\/yvescrehalet.fr\/index.php?rest_route=\/wp\/v2\/types\/page"}],"author":[{"embeddable":true,"href":"https:\/\/yvescrehalet.fr\/index.php?rest_route=\/wp\/v2\/users\/1"}],"replies":[{"embeddable":true,"href":"https:\/\/yvescrehalet.fr\/index.php?rest_route=%2Fwp%2Fv2%2Fcomments&post=12"}],"version-history":[{"count":18,"href":"https:\/\/yvescrehalet.fr\/index.php?rest_route=\/wp\/v2\/pages\/12\/revisions"}],"predecessor-version":[{"id":349,"href":"https:\/\/yvescrehalet.fr\/index.php?rest_route=\/wp\/v2\/pages\/12\/revisions\/349"}],"wp:attachment":[{"href":"https:\/\/yvescrehalet.fr\/index.php?rest_route=%2Fwp%2Fv2%2Fmedia&parent=12"}],"curies":[{"name":"wp","href":"https:\/\/api.w.org\/{rel}","templated":true}]}}

<div class="wp-block-group"><div class="wp-block-group__inner-container is-layout-constrained wp-block-group-is-layout-constrained">
<p>La joie de faire découvrir les Arts Premiers, les cultures autres, trouve son extension dans l’organisation d’expositions. Ainsi l’expo « Masques de Chine au Musée Jacquemart- André, que j’ai conçue et dont j’étais le commissaire, a accueilli plus de cent mille visiteurs, qui ont ainsi découvert cette culture millénaire, alors inconnue en Occident, et même de l’Ambassadeur de Chine (la Révolution Culturelle était passée par là…)</p>



<figure class="wp-block-gallery has-nested-images columns-4 is-cropped wp-block-gallery-1 is-layout-flex wp-block-gallery-is-layout-flex">
<figure class="wp-block-image size-large"><img fetchpriority="high" decoding="async" width="768" height="1024" data-id="255" src="https://yvescrehalet.fr/wp-content/uploads/2024/11/Photoroom-20241008_135327Expo-O-Visage-768x1024.jpeg" alt="" class="wp-image-255" srcset="https://yvescrehalet.fr/wp-content/uploads/2024/11/Photoroom-20241008_135327Expo-O-Visage-768x1024.jpeg 768w, https://yvescrehalet.fr/wp-content/uploads/2024/11/Photoroom-20241008_135327Expo-O-Visage-225x300.jpeg 225w, https://yvescrehalet.fr/wp-content/uploads/2024/11/Photoroom-20241008_135327Expo-O-Visage-1152x1536.jpeg 1152w, https://yvescrehalet.fr/wp-content/uploads/2024/11/Photoroom-20241008_135327Expo-O-Visage.jpeg 1500w" sizes="(max-width: 768px) 100vw, 768px" /><figcaption class="wp-element-caption"><strong>O&nbsp; VISAGE&nbsp;</strong> <br>Espace&nbsp; C.F.R.P,&nbsp; <br>Paris, 1999</figcaption></figure>



<figure class="wp-block-image size-large"><img decoding="async" width="768" height="1024" data-id="252" src="https://yvescrehalet.fr/wp-content/uploads/2024/11/Expo-Masques-Presences-768x1024.jpeg" alt="" class="wp-image-252" srcset="https://yvescrehalet.fr/wp-content/uploads/2024/11/Expo-Masques-Presences-768x1024.jpeg 768w, https://yvescrehalet.fr/wp-content/uploads/2024/11/Expo-Masques-Presences-225x300.jpeg 225w, https://yvescrehalet.fr/wp-content/uploads/2024/11/Expo-Masques-Presences-1152x1536.jpeg 1152w, https://yvescrehalet.fr/wp-content/uploads/2024/11/Expo-Masques-Presences.jpeg 1500w" sizes="(max-width: 768px) 100vw, 768px" /><figcaption class="wp-element-caption"><strong>MASQUES – PRESENCES</strong> <br>Blois , Maison du Loir -et- Cher, 1997</figcaption></figure>



<figure class="wp-block-image size-large"><img decoding="async" width="768" height="1024" data-id="253" src="https://yvescrehalet.fr/wp-content/uploads/2024/11/Expo-Afrique-Maitres-sculpteurs-768x1024.jpeg" alt="" class="wp-image-253" srcset="https://yvescrehalet.fr/wp-content/uploads/2024/11/Expo-Afrique-Maitres-sculpteurs-768x1024.jpeg 768w, https://yvescrehalet.fr/wp-content/uploads/2024/11/Expo-Afrique-Maitres-sculpteurs-225x300.jpeg 225w, https://yvescrehalet.fr/wp-content/uploads/2024/11/Expo-Afrique-Maitres-sculpteurs-1152x1536.jpeg 1152w, https://yvescrehalet.fr/wp-content/uploads/2024/11/Expo-Afrique-Maitres-sculpteurs.jpeg 1500w" sizes="(max-width: 768px) 100vw, 768px" /><figcaption class="wp-element-caption"><strong>AFRIQUE&nbsp;: MAITRES&nbsp; SCULPTEURS&nbsp;</strong><br>Montluçon&nbsp; &#8211;&nbsp; Domérat,&nbsp; 1994</figcaption></figure>



<figure class="wp-block-image size-large"><img loading="lazy" decoding="async" width="768" height="1024" data-id="251" src="https://yvescrehalet.fr/wp-content/uploads/2024/11/Expo-Gloire-de-la-femme-768x1024.jpeg" alt="" class="wp-image-251" srcset="https://yvescrehalet.fr/wp-content/uploads/2024/11/Expo-Gloire-de-la-femme-768x1024.jpeg 768w, https://yvescrehalet.fr/wp-content/uploads/2024/11/Expo-Gloire-de-la-femme-225x300.jpeg 225w, https://yvescrehalet.fr/wp-content/uploads/2024/11/Expo-Gloire-de-la-femme-1152x1536.jpeg 1152w, https://yvescrehalet.fr/wp-content/uploads/2024/11/Expo-Gloire-de-la-femme.jpeg 1500w" sizes="(max-width: 768px) 100vw, 768px" /><figcaption class="wp-element-caption"><strong>GLOIRE&nbsp;DE&nbsp;LA FEMME&nbsp;DANS&nbsp; L’ART&nbsp;AFRICAIN</strong> <br>Ville de Dinard,&nbsp;2008</figcaption></figure>



<figure class="wp-block-image size-large is-style-default"><img loading="lazy" decoding="async" width="1024" height="768" data-id="254" src="https://yvescrehalet.fr/wp-content/uploads/2024/11/Expo-Masques-de-Chine-1024x768.jpeg" alt="" class="wp-image-254" srcset="https://yvescrehalet.fr/wp-content/uploads/2024/11/Expo-Masques-de-Chine-1024x768.jpeg 1024w, https://yvescrehalet.fr/wp-content/uploads/2024/11/Expo-Masques-de-Chine-300x225.jpeg 300w, https://yvescrehalet.fr/wp-content/uploads/2024/11/Expo-Masques-de-Chine-768x576.jpeg 768w, https://yvescrehalet.fr/wp-content/uploads/2024/11/Expo-Masques-de-Chine-1536x1152.jpeg 1536w, https://yvescrehalet.fr/wp-content/uploads/2024/11/Expo-Masques-de-Chine.jpeg 2000w" sizes="(max-width: 1024px) 100vw, 1024px" /><figcaption class="wp-element-caption"><strong>MASQUES&nbsp;DE CHINE</strong> <br>Musée Jacquemart <br>André, Paris,&nbsp; 2007</figcaption></figure>
</figure>
</div></div>



<p></p>



<div class="wp-block-media-text has-media-on-the-right is-stacked-on-mobile" style="grid-template-columns:auto 37%"><div class="wp-block-media-text__content">
<p>Et le comble de la gratification, c’est de recevoir ce message (artistique) de remerciements pour une<br>action de découverte en milieu scolaire (département de l’Allier)</p>
</div><figure class="wp-block-media-text__media"><img loading="lazy" decoding="async" width="768" height="1024" src="https://yvescrehalet.fr/wp-content/uploads/2024/11/Enfants-768x1024.jpg" alt="" class="wp-image-342 size-full" srcset="https://yvescrehalet.fr/wp-content/uploads/2024/11/Enfants-768x1024.jpg 768w, https://yvescrehalet.fr/wp-content/uploads/2024/11/Enfants-225x300.jpg 225w, https://yvescrehalet.fr/wp-content/uploads/2024/11/Enfants-1152x1536.jpg 1152w, https://yvescrehalet.fr/wp-content/uploads/2024/11/Enfants-1536x2048.jpg 1536w, https://yvescrehalet.fr/wp-content/uploads/2024/11/Enfants-scaled.jpg 1920w" sizes="(max-width: 768px) 100vw, 768px" /></figure></div>

<p>La joie de faire découvrir les Arts Premiers, les cultures autres, trouve son extension dans l’organisation d’expositions. Ainsi l’expo « Masques de Chine au Musée Jacquemart- André, que j’ai conçue et dont j’étais le commissaire, a accueilli plus de cent mille visiteurs, qui ont ainsi découvert cette culture millénaire, alors inconnue en Occident, et même de &#8230; <a title="Commissariats" class="read-more" href="https://yvescrehalet.fr/?page_id=12" aria-label="En savoir plus sur Commissariats">Lire la suite</a></p>
